{"id":121,"date":"2023-01-07T11:40:04","date_gmt":"2023-01-07T11:40:04","guid":{"rendered":"https:\/\/gutshaus-gross-salitz.de\/?page_id=121"},"modified":"2023-01-28T11:30:05","modified_gmt":"2023-01-28T11:30:05","slug":"veranstaltungen","status":"publish","type":"page","link":"https:\/\/gutshaus-gross-salitz.de\/?page_id=121","title":{"rendered":"Veranstaltungen"},"content":{"rendered":"\n<p>Wir freuen uns auf die neue Veranstaltungsreihe &#8222;Das kleine Freitagskonzert&#8220;!<\/p>\n\n\n\n<div class=\"wp-block-columns is-layout-flex wp-container-core-columns-is-layout-9d6595d7 wp-block-columns-is-layout-flex\">\n<div class=\"wp-block-column is-layout-flow wp-block-column-is-layout-flow\" style=\"flex-basis:33.33%\">\n<p>Termin wird in K\u00fcrze bekanntgegben:<\/p>\n<\/div>\n\n\n\n<div class=\"wp-block-column is-layout-flow wp-block-column-is-layout-flow\" style=\"flex-basis:66.66%\">\n<p><strong>&#8222;Happy Birthday, Gutshaus Gro\u00df Salitz&#8220;<\/strong><\/p>\n<\/div>\n<\/div>\n\n\n\n<p>Gerne bieten wir auch <strong>F\u00fchrungen<\/strong> an &#8211; sprechen Sie uns bitte an (siehe <a href=\"http:\/\/gutshaus-gross-salitz.de\/?page_id=14\" data-type=\"page\" data-id=\"14\" target=\"_blank\" rel=\"noreferrer noopener\">Kontakt<\/a>)!<\/p>\n","protected":false},"excerpt":{"rendered":"<p>Wir freuen uns auf die neue Veranstaltungsreihe &#8222;Das kleine Freitagskonzert&#8220;! Termin wird in K\u00fcrze bekanntgegben: &#8222;Happy Birthday, Gutshaus Gro\u00df Salitz&#8220; Gerne bieten wir auch F\u00fchrungen an &#8211; sprechen Sie uns bitte an (siehe Kontakt)!<\/p>\n","protected":false},"author":1,"featured_media":0,"parent":0,"menu_order":0,"comment_status":"closed","ping_status":"closed","template":"","meta":{"footnotes":""},"class_list":["post-121","page","type-page","status-publish","hentry"],"_links":{"self":[{"href":"https:\/\/gutshaus-gross-salitz.de\/index.php?rest_route=\/wp\/v2\/pages\/121","targetHints":{"allow":["GET"]}}],"collection":[{"href":"https:\/\/gutshaus-gross-salitz.de\/index.php?rest_route=\/wp\/v2\/pages"}],"about":[{"href":"https:\/\/gutshaus-gross-salitz.de\/index.php?rest_route=\/wp\/v2\/types\/page"}],"author":[{"embeddable":true,"href":"https:\/\/gutshaus-gross-salitz.de\/index.php?rest_route=\/wp\/v2\/users\/1"}],"replies":[{"embeddable":true,"href":"https:\/\/gutshaus-gross-salitz.de\/index.php?rest_route=%2Fwp%2Fv2%2Fcomments&post=121"}],"version-history":[{"count":5,"href":"https:\/\/gutshaus-gross-salitz.de\/index.php?rest_route=\/wp\/v2\/pages\/121\/revisions"}],"predecessor-version":[{"id":158,"href":"https:\/\/gutshaus-gross-salitz.de\/index.php?rest_route=\/wp\/v2\/pages\/121\/revisions\/158"}],"wp:attachment":[{"href":"https:\/\/gutshaus-gross-salitz.de\/index.php?rest_route=%2Fwp%2Fv2%2Fmedia&parent=121"}],"curies":[{"name":"wp","href":"https:\/\/api.w.org\/{rel}","templated":true}]}}