{"id":12,"date":"2020-03-29T12:04:08","date_gmt":"2020-03-29T12:04:08","guid":{"rendered":"http:\/\/gutshaus-gross-salitz.de\/?page_id=12"},"modified":"2023-01-12T20:12:38","modified_gmt":"2023-01-12T20:12:38","slug":"foerderverein","status":"publish","type":"page","link":"https:\/\/gutshaus-gross-salitz.de\/?page_id=12","title":{"rendered":"F\u00f6rderverein"},"content":{"rendered":"\n<p>Ein Haus <\/p>\n\n\n\n<p>von einer Gemeinschaft gebaut <\/p>\n\n\n\n<p>f\u00fcr eine Gemeinschaft gebaut<\/p>\n\n\n\n<p>braucht eine Gemeinschaft zur Erhaltung und Pflege.<\/p>\n\n\n\n<p>Wir freuen uns \u00fcber Menschen, die Sanierung und Nutzung des Gutshauses Gro\u00df Salitz begleiten und f\u00f6rdern. Ob mit Rat und Tat, l\u00e4ngerfristig durch eine MItgliedschaft im Verein oder durch eine einmalige Zuwendung &#8211; jede Unterst\u00fctzung ist willkommen!<\/p>\n\n\n\n<p>Sprechen Sie uns an!<\/p>\n\n\n\n<p>Hier finden Sie die <a rel=\"noreferrer noopener\" href=\"http:\/\/gutshaus-gross-salitz.de\/wp-content\/uploads\/2023\/01\/Satzung_Freunde_und_Foerderer_Gutshaus_Gross_Salitz_e_V.pdf\" target=\"_blank\">Satzung<\/a>.<\/p>\n\n\n\n<p>Bankverbindung:<\/p>\n\n\n\n<p>Freunde und F\u00f6rderer Gutshaus Gro\u00df Salitz e.V.<\/p>\n\n\n\n<p>Commerzbank L\u00fcbeck<\/p>\n\n\n\n<p>DE04 2304 0022 0024 7833 00<\/p>\n","protected":false},"excerpt":{"rendered":"<p>Ein Haus von einer Gemeinschaft gebaut f\u00fcr eine Gemeinschaft gebaut braucht eine Gemeinschaft zur Erhaltung und Pflege. Wir freuen uns \u00fcber Menschen, die Sanierung und Nutzung des Gutshauses Gro\u00df Salitz begleiten und f\u00f6rdern. Ob mit Rat und Tat, l\u00e4ngerfristig durch eine MItgliedschaft im Verein oder durch eine einmalige Zuwendung &#8211; jede Unterst\u00fctzung ist willkommen! Sprechen &hellip; <a href=\"https:\/\/gutshaus-gross-salitz.de\/?page_id=12\" class=\"more-link\"><span class=\"screen-reader-text\">\u201eF\u00f6rderverein\u201c <\/span>weiterlesen<\/a><\/p>\n","protected":false},"author":1,"featured_media":0,"parent":0,"menu_order":0,"comment_status":"closed","ping_status":"closed","template":"","meta":{"footnotes":""},"class_list":["post-12","page","type-page","status-publish","hentry"],"_links":{"self":[{"href":"https:\/\/gutshaus-gross-salitz.de\/index.php?rest_route=\/wp\/v2\/pages\/12","targetHints":{"allow":["GET"]}}],"collection":[{"href":"https:\/\/gutshaus-gross-salitz.de\/index.php?rest_route=\/wp\/v2\/pages"}],"about":[{"href":"https:\/\/gutshaus-gross-salitz.de\/index.php?rest_route=\/wp\/v2\/types\/page"}],"author":[{"embeddable":true,"href":"https:\/\/gutshaus-gross-salitz.de\/index.php?rest_route=\/wp\/v2\/users\/1"}],"replies":[{"embeddable":true,"href":"https:\/\/gutshaus-gross-salitz.de\/index.php?rest_route=%2Fwp%2Fv2%2Fcomments&post=12"}],"version-history":[{"count":9,"href":"https:\/\/gutshaus-gross-salitz.de\/index.php?rest_route=\/wp\/v2\/pages\/12\/revisions"}],"predecessor-version":[{"id":136,"href":"https:\/\/gutshaus-gross-salitz.de\/index.php?rest_route=\/wp\/v2\/pages\/12\/revisions\/136"}],"wp:attachment":[{"href":"https:\/\/gutshaus-gross-salitz.de\/index.php?rest_route=%2Fwp%2Fv2%2Fmedia&parent=12"}],"curies":[{"name":"wp","href":"https:\/\/api.w.org\/{rel}","templated":true}]}}